omposite number?
False
Is 1683263 prime?
False
Is 5011135 a composite number?
True
Is 16970639 prime?
False
Is 12793 a composite number?
True
Is 20077 a composite number?
True
Is 491143 composite?
True
Is 33889 prime?
True
Is 727831 prime?
False
Is 4729 a composite number?
False
Is 26099 composite?
False
Is 105379 prime?
True
Is 31281 prime?
False
Is 90633 prime?
False
Is 80554 a prime number?
False
Is 7237 composite?
False
Is 900539 a prime number?
True
Is 654671 composite?
False
Is 172153 a prime number?
True
Is 3785 composite?
True
Is 8761 a prime number?
True
Is 5939 a prime number?
True
Is 77831 prime?
False
Is 394673 composite?
False
Is 47891 a prime number?
False
Is 58657 composite?
False
Is 58997 composite?
False
Is 123789 prime?
False
Is 608737 prime?
True
Is 6787 a composite number?
True
Is 473639 composite?
True
Is 18295 composite?
True
Is 128851 a prime number?
False
Is 4619 a prime number?
False
Is 40601 a prime number?
False
Is 59569 a prime number?
False
Is 2554 composite?
True
Is 4759 a prime number?
True
Is 16945 composite?
True
Is 960637 a prime number?
True
Is 211 prime?
True
Is 65 composite?
True
Is 263837 composite?
True
Is 3491 composite?
False
Is 58537 prime?
True
Is 1363 prime?
False
Is 19417 a prime number?
True
Is 909931 a composite number?
True
Is 1142389 a prime number?
True
Is 2681 a prime number?
False
Is 7253 composite?
False
Is 147629 composite?
False
Is 85513 a composite number?
False
Is 222059 a prime number?
True
Is 10279 a composite number?
True
Is 2027 prime?
True
Is 1902097 prime?
True
Is 54214 a prime number?
False
Is 3019 a composite number?
False
Is 351111 a prime number?
False
Is 48397 a prime number?
True
Is 5711 prime?
True
Is 12767 a prime number?
False
Is 259771 prime?
True
Is 79295 prime?
False
Is 68345 a prime number?
False
Is 93761 prime?
True
Is 192373 a composite number?
False
Is 1219 a composite number?
True
Is 128461 a prime number?
True
Is 3127 prime?
False
Is 264379 prime?
False
Is 97219 prime?
False
Is 252679 composite?
True
Is 10489 composite?
True
Is 544487 prime?
True
Is 163367 prime?
True
Is 56923 prime?
True
Is 512881 composite?
True
Is 5303 a composite number?
False
Is 146191 prime?
True
Is 20477 composite?
False
Is 2819 a prime number?
True
Is 47563 a prime number?
True
Is 37483 a composite number?
False
Is 17039 a composite number?
True
Is 33 a prime number?
False
Is 9511 prime?
True
Is 20789 a composite number?
False
Is 15697 prime?
False
Is 31129 a prime number?
False
Is 422 a composite number?
True
Is 464371 composite?
False
Is 143053 prime?
True
Is 65855 a composite number?
True
Is 1042 composite?
True
Is 18682 composite?
True
Is 2927 a composite number?
False
Is 9151 a prime number?
True
Is 283789 a prime number?
False
Is 141002 composite?
True
Is 12323 a prime number?
True
Is 854917 prime?
False
Is 293 prime?
True
Is 39553 composite?
True
Is 19603 composite?
False
Is 53767 composite?
True
Is 77339 prime?
True
Is 1080307 composite?
False
Is 14111 a composite number?
True
Is 13193 a composite number?
True
Is 34909 composite?
True
Is 2843 composite?
False
Is 294401 a prime number?
False
Is 45161 a prime number?
True
Is 3120599 a composite number?
False
Is 58885 a prime number?
False
Is 287571 a prime number?
False
Is 104033 a prime number?
True
Is 45251 prime?
False
Is 6001 a prime number?
False
Is 297797 a composite number?
False
Is 14347 prime?
True
Is 941 a composite number?
False
Is 114301 a prime number?
False
Is 9742 a prime number?
False
Is 134989 a composite number?
False
Is 5357 prime?
False
Is 41153 prime?
False
Is 45283 a composite number?
True
Is 91183 prime?
True
Is 22189 a prime number?
True
Is 14341 a composite number?
False
Is 15419 a composite number?
True
Is 429329 a composite number?
False
Is 319741 a composite number?
True
Is 45119 a composite number?
False
Is 15859 a prime number?
True
Is 642769 composite?
False
Is 26083 a prime number?
True
Is 2051 prime?
False
Is 4183 composite?
True
Is 135055 composite?
True
Is 141727 prime?
False
Is 386395 a prime number?
False
Is 11579 prime?
True
Is 6843 composite?
True
Is 44741 composite?
False
Is 57691 composite?
True
Is 13157 composite?
True
Is 15859 prime?
True
Is 35331 composite?
True
Is 28563 prime?
False
Is 3659 prime?
True
Is 285697 a prime number?
True
Is 7499 a prime number?
True
Is 44839 a composite number?
False
Is 129401 composite?
False
Is 744773 prime?
False
Is 7499 prime?
True
Is 35095 prime?
False
Is 38189 a prime number?
True
Is 21039 composite?
True
Is 7867 a prime number?
True
Is 48731 prime?
True
Is 57539 composite?
True
Is 569197 a prime number?
True
Is 17245 prime?
False
Is 237662 prime?
False
Is 58099 a prime number?
True
Is 123323 prime?
True
Is 588151 a composite number?
False
Is 228269 composite?
True
Is 339 a prime number?
False
Is 8609 prime?
True
Is 77299 composite?
True
Is 958 a composite number?
True
Is 180563 composite?
False
Is 55967 a composite number?
False
Is 3464635 a composite number?
True
Is 890221 prime?
True
Is 62897 prime?
True
Is 668791 prime?
True
Is 168977 a prime number?
True
Is 766237 a prime number?
True
Is 10243 composite?
False
Is 20201 a composite number?
False
Is 114467 composite?
False
Is 1363 a prime number?
False
Is 33897 composite?
True
Is 1397 a prime number?
False
Is 191377 prime?
False
Is 1174391 composite?
True
Is 134171 prime?
True
Is 12821 a composite number?
False
Is 20887 a composite number?
False
Is 4253 composite?
False
Is 152093 composite?
False
Is 6767 composite?
True
Is 1254391 a composite number?
True
Is 4253 prime?
True
Is 43423 a composite number?
True
Is 3067 a composite number?
False
Is 367163 a composite number?
False
Is 105977 a prime number?
True
Is 63683 a composite number?
True
Is 4987 a prime number?
True
Is 29629 a composite number?
False
Is 22987 prime?
False
Is 355 a composite number?
True
Is 53453 composite?
False
Is 34631 a composite number?
False
Is 52517 a prime number?
True
Is 40159 a prime number?
False
Is 32203 a prime number?
True
Is 26903 prime?
True
Is 941993 composite?
True
Is 14635 a prime number?
False
Is 3736059 a prime number?
False
Is 5893 composite?
True
Is 1671 composite?
True
Is 522559 a prime number?
False
Is 1068373 a composite number?
True
Is 121039 composite?
False
Is 1081 prime?
False
Is 55511 a composite number?
False
Is 43441 composite?
False
Is 24889 a prime number?
True
Is 559 prime?
False
Is 170509 composite?
False
Is 12611 a composite number?
False
Is 7349 composite?
False
Is 10109 a composite number?
True
Is 272005 composite?
True
Is 291611 composite?
True
Is 50989 a prime number?
True
Is 40409 prime?
False
Is 52651 a composite number?
True
Is 16657 a composite number?
False
Is 147703 composite?
False
Is 46489 composite?
False
Is 43837 a composite number?
True
Is 384877 a composite number?
True
Is 4531 a prime number?
False
Is 46133 a composite number?
False
Is 72595 a prime number?
False
Is 4063 prime?
False
Is 32143 composite?
False
Is 561907 prime?
True
Is 974359 a composite number?
False
Is 391639 a prime number?
True
Is 653053 a composite number?
True
Is 4834 composite?
True
Is 915803 a composite number?
True
Is 8663 prime?
True
Is 14137 a composite number?
True
Is 676021 prime?
False
Is 346241 prime?
False
Is 87083 a composite number?
False
Is 4757 a composite number?
True
Is 104827 a prime number?
True
Is 26618 a composite number?
True
Is 711355 a prime number?
False
Is 41845 a prime number?
False
Is 93941 prime?
True
Is 112849 composite?
True
Is 143093 prime?
True
Is 34115 composite?
True
Is 12307 prime?
False
Is 26333 prime?
False
Is 85477 prime?
False
Is 43409 prime?
False
Is 13291 a composite number?
False
Is 22757 a prime number?
False
Is 267373 composite?
False
Is 4487594 prime?
False
Is 38173 composite?
True
Is 7753 a composite number?
False
Is 53651 a composite number?
True
Is 26905 a prime number?
False
Is 128301 prime?
False
Is 28247 prime?
False
Is 179 prime?
True
Is 126067 prime?
True
Is 27257 prime?
False
Is 287321 prime?
True
Is 65749 composite?
True
Is 212569 composite?
True
Is 205169 composite?
True
Is 83831 a prime number?
False
Is 2228939 prime?
True
Is 1553 a prime number?
True
Is 236066 a prime number?
False
Is 80915 a composite number?
True
Is 8542 a composite number?
True